{"id":11357,"date":"2025-03-11T08:34:42","date_gmt":"2025-03-11T07:34:42","guid":{"rendered":"https:\/\/www.schiesser.com\/unternehmen\/?page_id=11357"},"modified":"2025-06-02T16:31:50","modified_gmt":"2025-06-02T14:31:50","slug":"fotowettbewerb","status":"publish","type":"page","link":"https:\/\/www.schiesser.com\/unternehmen\/fotowettbewerb\/","title":{"rendered":"Fotowettbewerb"},"content":{"rendered":"\t\t<div data-elementor-type=\"wp-page\" data-elementor-id=\"11357\" class=\"elementor elementor-11357\">\n\t\t\t\t\t\t<div class=\"elementor-inner\">\n\t\t\t\t<div class=\"elementor-section-wrap\">\n\t\t\t\t\t\t\t\t\t<section class=\"elementor-section elementor-top-section elementor-element elementor-element-df9763e elementor-section-full_width elementor-section-height-default elementor-section-height-default\" data-id=\"df9763e\" data-element_type=\"section\">\n\t\t\t\t\t\t<div class=\"elementor-container elementor-column-gap-default\">\n\t\t\t\t\t\t\t<div class=\"elementor-row\">\n\t\t\t\t\t<div class=\"elementor-column elementor-col-100 elementor-top-column elementor-element elementor-element-62ccd77\" data-id=\"62ccd77\" data-element_type=\"column\">\n\t\t\t<div class=\"elementor-column-wrap elementor-element-populated\">\n\t\t\t\t\t\t\t<div class=\"elementor-widget-wrap\">\n\t\t\t\t\t\t<div class=\"elementor-element elementor-element-1a7f729 elementor-widget elementor-widget-spacer\" data-id=\"1a7f729\" data-element_type=\"widget\" data-widget_type=\"spacer.default\">\n\t\t\t\t<div class=\"elementor-widget-container\">\n\t\t\t\t\t<div class=\"elementor-spacer\">\n\t\t\t<div class=\"elementor-spacer-inner\"><\/div>\n\t\t<\/div>\n\t\t\t\t<\/div>\n\t\t\t\t<\/div>\n\t\t\t\t<div class=\"elementor-element elementor-element-2a288d4 elementor-widget elementor-widget-image\" data-id=\"2a288d4\" data-element_type=\"widget\" data-widget_type=\"image.default\">\n\t\t\t\t<div class=\"elementor-widget-container\">\n\t\t\t\t\t\t\t\t<div class=\"elementor-image\">\n\t\t\t\t\t\t\t\t\t\t\t\t<img decoding=\"async\" width=\"1440\" height=\"726\" src=\"https:\/\/www.schiesser.com\/unternehmen\/wp-content\/uploads\/Fotografen-Webttbewerb_Header_RZ2_DE.jpg\" class=\"attachment-1536x1536 size-1536x1536 wp-image-11421\" alt=\"Unterhemd vor blauem Hintergrund mir 150 Jahr Logo.\" loading=\"lazy\" srcset=\"https:\/\/www.schiesser.com\/unternehmen\/wp-content\/uploads\/Fotografen-Webttbewerb_Header_RZ2_DE.jpg 1440w, https:\/\/www.schiesser.com\/unternehmen\/wp-content\/uploads\/Fotografen-Webttbewerb_Header_RZ2_DE-300x151.jpg 300w, https:\/\/www.schiesser.com\/unternehmen\/wp-content\/uploads\/Fotografen-Webttbewerb_Header_RZ2_DE-1024x516.jpg 1024w, https:\/\/www.schiesser.com\/unternehmen\/wp-content\/uploads\/Fotografen-Webttbewerb_Header_RZ2_DE-768x387.jpg 768w\" sizes=\"(max-width: 1440px) 100vw, 1440px\" \/>\t\t\t\t\t\t\t\t\t\t\t\t\t\t<\/div>\n\t\t\t\t\t\t<\/div>\n\t\t\t\t<\/div>\n\t\t\t\t\t\t<\/div>\n\t\t\t\t\t<\/div>\n\t\t<\/div>\n\t\t\t\t\t\t\t\t<\/div>\n\t\t\t\t\t<\/div>\n\t\t<\/section>\n\t\t\t\t<section class=\"elementor-section elementor-top-section elementor-element elementor-element-97e8ef2 elementor-section-boxed elementor-section-height-default elementor-section-height-default\" data-id=\"97e8ef2\" data-element_type=\"section\">\n\t\t\t\t\t\t<div class=\"elementor-container elementor-column-gap-default\">\n\t\t\t\t\t\t\t<div class=\"elementor-row\">\n\t\t\t\t\t<div class=\"elementor-column elementor-col-100 elementor-top-column elementor-element elementor-element-4b4cecd\" data-id=\"4b4cecd\" data-element_type=\"column\">\n\t\t\t<div class=\"elementor-column-wrap elementor-element-populated\">\n\t\t\t\t\t\t\t<div class=\"elementor-widget-wrap\">\n\t\t\t\t\t\t<div class=\"elementor-element elementor-element-c150e1d elementor-widget elementor-widget-spacer\" data-id=\"c150e1d\" data-element_type=\"widget\" data-widget_type=\"spacer.default\">\n\t\t\t\t<div class=\"elementor-widget-container\">\n\t\t\t\t\t<div class=\"elementor-spacer\">\n\t\t\t<div class=\"elementor-spacer-inner\"><\/div>\n\t\t<\/div>\n\t\t\t\t<\/div>\n\t\t\t\t<\/div>\n\t\t\t\t<div class=\"elementor-element elementor-element-7cbb513 elementor-widget elementor-widget-heading\" data-id=\"7cbb513\" data-element_type=\"widget\" data-widget_type=\"heading.default\">\n\t\t\t\t<div class=\"elementor-widget-container\">\n\t\t\t<h2 class=\"elementor-heading-title elementor-size-default\">150 JAHRE SCHIESSER! UND EIN PRODUKT, DAS EIN ECHTER KLASSIKER IST:\nUNSER DOPPELRIPP-TANKTOP.<\/h2>\t\t<\/div>\n\t\t\t\t<\/div>\n\t\t\t\t\t\t<\/div>\n\t\t\t\t\t<\/div>\n\t\t<\/div>\n\t\t\t\t\t\t\t\t<\/div>\n\t\t\t\t\t<\/div>\n\t\t<\/section>\n\t\t\t\t<section class=\"elementor-section elementor-top-section elementor-element elementor-element-5ec8080 elementor-section-boxed elementor-section-height-default elementor-section-height-default\" data-id=\"5ec8080\" data-element_type=\"section\">\n\t\t\t\t\t\t<div class=\"elementor-container elementor-column-gap-default\">\n\t\t\t\t\t\t\t<div class=\"elementor-row\">\n\t\t\t\t\t<div class=\"elementor-column elementor-col-100 elementor-top-column elementor-element elementor-element-b008ba3\" data-id=\"b008ba3\" data-element_type=\"column\">\n\t\t\t<div class=\"elementor-column-wrap elementor-element-populated\">\n\t\t\t\t\t\t\t<div class=\"elementor-widget-wrap\">\n\t\t\t\t\t\t<div class=\"elementor-element elementor-element-882ca0f elementor-widget elementor-widget-spacer\" data-id=\"882ca0f\" data-element_type=\"widget\" data-widget_type=\"spacer.default\">\n\t\t\t\t<div class=\"elementor-widget-container\">\n\t\t\t\t\t<div class=\"elementor-spacer\">\n\t\t\t<div class=\"elementor-spacer-inner\"><\/div>\n\t\t<\/div>\n\t\t\t\t<\/div>\n\t\t\t\t<\/div>\n\t\t\t\t<div class=\"elementor-element elementor-element-ef1e121 elementor-widget elementor-widget-text-editor\" data-id=\"ef1e121\" data-element_type=\"widget\" data-widget_type=\"text-editor.default\">\n\t\t\t\t<div class=\"elementor-widget-container\">\n\t\t\t\t\t\t\t\t<div class=\"elementor-text-editor elementor-clearfix\">\n\t\t\t\t<p>Das ergibt ein kreatives Projekt, mit dem wir Dich als professionellen Fotografen herausfordern m\u00f6chten: <strong>Zeig uns Deine visuelle Vision &amp; Inszenierung unserer Tanktop-Ikone.<\/strong> Ob minimalistisch, opulent, klassisch, avantgardistisch oder in Deiner ureigenen Fotosprache interpretiert \u2013 gib uns Deinen k\u00fcnstlerischen Blick auf das legend\u00e4re SCHIESSER Ripptop.<\/p>\n<p>Den Foto-Wettbewerb kuratiert eine externe hochkar\u00e4tige Jury, die mit renommierten Pers\u00f6nlichkeiten aus PR, Print, Fashion &amp; Lifestyle besetzt ist. 15 ausgew\u00e4hlte Werke werden im Rahmen unseres Jubil\u00e4ums-Events ausgestellt. Die von der Jury gekr\u00f6nten Top-3-Gewinner werden beim Event live bekannt gegeben und d\u00fcrfen sich \u00fcber attraktive Geldpreise freuen: Der Sieger erh\u00e4lt 3.000 \u20ac, f\u00fcr den zweiten Platz gibt es 2.000 \u20ac und f\u00fcr den dritten Platz gibt es 1.000 \u20ac Preisgeld. Doch damit nicht genug: Ausgew\u00e4hlte Motive erscheinen in einem exklusiven 150-Jahre SCHIESSER Bildband und werden auf den SCHIESSER Kan\u00e4len pr\u00e4sentiert. Die beim Event ausgestellten Fotografien werden im Nachgang versteigert \u2013 die Auktionserl\u00f6se gehen zu 100 % an eine gemeinn\u00fctzige Organisation.<\/p>\n<p><strong>Bereit, mit unserer SCHIESSER Tanktop-Legende kreativ zu arbeiten und Dein Werk ins Rennen zu schicken? <\/strong><\/p>\n<p><strong>Dann mach jetzt den ersten Schritt und registriere Dich \u00fcber das Teilnahmeformular! <\/strong><\/p>\n<p>Der Anmeldeschluss ist der 31. Mai 2025<br><span style=\"font-size: 0.9375rem;\">Der Einsendeschluss f\u00fcr den Wettbewerb ist der 15. Juni 2025<\/span><\/p>\n<p>Hier zu den <a title=\"https:\/\/www.schiesser.com\/unternehmen\/teilnahmebedingungen-fotowettbewerb\/\" href=\"https:\/\/www.schiesser.com\/unternehmen\/teilnahmebedingungen-fotowettbewerb\/\" target=\"_blank\" rel=\"noreferrer noopener\">Teilnahmebedingungen<\/a> von SCHIESSER den&nbsp;<a title=\"https:\/\/www.schiesser.com\/agb\/\" href=\"https:\/\/www.schiesser.com\/agb\/\" target=\"_blank\" rel=\"noreferrer noopener\">AGB<\/a>`s und den&nbsp;<a title=\"https:\/\/www.schiesser.com\/unternehmen\/datenschutz-fotowettbewerb\/\" href=\"https:\/\/www.schiesser.com\/unternehmen\/datenschutz-fotowettbewerb\/\" target=\"_blank\" rel=\"noreferrer noopener\">Datenschutzbestimmungen<\/a>&nbsp;von SCHIESSER.<br><\/p>\t\t\t\t\t<\/div>\n\t\t\t\t\t\t<\/div>\n\t\t\t\t<\/div>\n\t\t\t\t\t\t<\/div>\n\t\t\t\t\t<\/div>\n\t\t<\/div>\n\t\t\t\t\t\t\t\t<\/div>\n\t\t\t\t\t<\/div>\n\t\t<\/section>\n\t\t\t\t<section class=\"elementor-section elementor-top-section elementor-element elementor-element-4112296 elementor-section-boxed elementor-section-height-default elementor-section-height-default\" data-id=\"4112296\" data-element_type=\"section\">\n\t\t\t\t\t\t<div class=\"elementor-container elementor-column-gap-default\">\n\t\t\t\t\t\t\t<div class=\"elementor-row\">\n\t\t\t\t\t<div class=\"elementor-column elementor-col-100 elementor-top-column elementor-element elementor-element-d8d81d2\" data-id=\"d8d81d2\" data-element_type=\"column\">\n\t\t\t<div class=\"elementor-column-wrap elementor-element-populated\">\n\t\t\t\t\t\t\t<div class=\"elementor-widget-wrap\">\n\t\t\t\t\t\t<div class=\"elementor-element elementor-element-c09064b elementor-widget elementor-widget-heading\" data-id=\"c09064b\" data-element_type=\"widget\" data-widget_type=\"heading.default\">\n\t\t\t\t<div class=\"elementor-widget-container\">\n\t\t\t<h1 class=\"elementor-heading-title elementor-size-default\">Die Anmeldefrist f\u00fcr den Fotowettbewerb ist abgelaufen.<\/h1>\t\t<\/div>\n\t\t\t\t<\/div>\n\t\t\t\t\t\t<\/div>\n\t\t\t\t\t<\/div>\n\t\t<\/div>\n\t\t\t\t\t\t\t\t<\/div>\n\t\t\t\t\t<\/div>\n\t\t<\/section>\n\t\t\t\t<section class=\"elementor-section elementor-top-section elementor-element elementor-element-f91bba4 elementor-section-boxed elementor-section-height-default elementor-section-height-default\" data-id=\"f91bba4\" data-element_type=\"section\">\n\t\t\t\t\t\t<div class=\"elementor-container elementor-column-gap-default\">\n\t\t\t\t\t\t\t<div class=\"elementor-row\">\n\t\t\t\t\t<div class=\"elementor-column elementor-col-100 elementor-top-column elementor-element elementor-element-d3e5980\" data-id=\"d3e5980\" data-element_type=\"column\">\n\t\t\t<div class=\"elementor-column-wrap elementor-element-populated\">\n\t\t\t\t\t\t\t<div class=\"elementor-widget-wrap\">\n\t\t\t\t\t\t<div class=\"elementor-element elementor-element-87c49db elementor-widget elementor-widget-spacer\" data-id=\"87c49db\" data-element_type=\"widget\" data-widget_type=\"spacer.default\">\n\t\t\t\t<div class=\"elementor-widget-container\">\n\t\t\t\t\t<div class=\"elementor-spacer\">\n\t\t\t<div class=\"elementor-spacer-inner\"><\/div>\n\t\t<\/div>\n\t\t\t\t<\/div>\n\t\t\t\t<\/div>\n\t\t\t\t<div class=\"elementor-element elementor-element-7b3906d elementor-widget elementor-widget-image\" data-id=\"7b3906d\" data-element_type=\"widget\" data-widget_type=\"image.default\">\n\t\t\t\t<div class=\"elementor-widget-container\">\n\t\t\t\t\t\t\t\t<div class=\"elementor-image\">\n\t\t\t\t\t\t\t\t\t\t\t\t\t<a href=\"https:\/\/fotowettbewerbeliste.de\/\">\n\t\t\t\t\t\t\t<img decoding=\"async\" width=\"216\" height=\"55\" src=\"https:\/\/www.schiesser.com\/unternehmen\/wp-content\/uploads\/fotowettbewerbeliste.png\" class=\"attachment-large size-large wp-image-11459\" alt=\"\" loading=\"lazy\" \/>\t\t\t\t\t\t\t\t<\/a>\n\t\t\t\t\t\t\t\t\t\t\t\t\t\t<\/div>\n\t\t\t\t\t\t<\/div>\n\t\t\t\t<\/div>\n\t\t\t\t\t\t<\/div>\n\t\t\t\t\t<\/div>\n\t\t<\/div>\n\t\t\t\t\t\t\t\t<\/div>\n\t\t\t\t\t<\/div>\n\t\t<\/section>\n\t\t\t\t<section class=\"elementor-section elementor-top-section elementor-element elementor-element-d6baa90 elementor-section-boxed elementor-section-height-default elementor-section-height-default\" data-id=\"d6baa90\" data-element_type=\"section\">\n\t\t\t\t\t\t<div class=\"elementor-container elementor-column-gap-default\">\n\t\t\t\t\t\t\t<div class=\"elementor-row\">\n\t\t\t\t\t<div class=\"elementor-column elementor-col-100 elementor-top-column elementor-element elementor-element-7935e98\" data-id=\"7935e98\" data-element_type=\"column\">\n\t\t\t<div class=\"elementor-column-wrap\">\n\t\t\t\t\t\t\t<div class=\"elementor-widget-wrap\">\n\t\t\t\t\t\t\t\t<\/div>\n\t\t\t\t\t<\/div>\n\t\t<\/div>\n\t\t\t\t\t\t\t\t<\/div>\n\t\t\t\t\t<\/div>\n\t\t<\/section>\n\t\t\t\t\t\t\t\t\t<\/div>\n\t\t\t<\/div>\n\t\t\t\t\t<\/div>\n\t\t","protected":false},"excerpt":{"rendered":"<p>150 JAHRE SCHIESSER! UND EIN PRODUKT, DAS EIN ECHTER KLASSIKER IST: UNSER DOPPELRIPP-TANKTOP. Das ergibt ein kreatives Projekt, mit dem wir Dich als professionellen Fotografen herausfordern m\u00f6chten: Zeig uns Deine visuelle Vision &amp; Inszenierung unserer Tanktop-Ikone. Ob minimalistisch, opulent, klassisch, avantgardistisch oder in Deiner ureigenen Fotosprache interpretiert \u2013 gib uns Deinen k\u00fcnstlerischen Blick auf das [&hellip;]<\/p>\n","protected":false},"author":33,"featured_media":0,"parent":0,"menu_order":0,"comment_status":"closed","ping_status":"closed","template":"","meta":[],"acf":[],"yoast_head":"<!-- This site is optimized with the Yoast SEO plugin v20.1 - https:\/\/yoast.com\/wordpress\/plugins\/seo\/ -->\n<title>Fotowettbewerb | Schiesser<\/title>\n<meta name=\"robots\" content=\"noindex, nofollow\" \/>\n<meta property=\"og:locale\" content=\"de_DE\" \/>\n<meta property=\"og:type\" content=\"article\" \/>\n<meta property=\"og:title\" content=\"Fotowettbewerb | Schiesser\" \/>\n<meta property=\"og:description\" content=\"150 JAHRE SCHIESSER! UND EIN PRODUKT, DAS EIN ECHTER KLASSIKER IST: UNSER DOPPELRIPP-TANKTOP. Das ergibt ein kreatives Projekt, mit dem wir Dich als professionellen Fotografen herausfordern m\u00f6chten: Zeig uns Deine visuelle Vision &amp; Inszenierung unserer Tanktop-Ikone. Ob minimalistisch, opulent, klassisch, avantgardistisch oder in Deiner ureigenen Fotosprache interpretiert \u2013 gib uns Deinen k\u00fcnstlerischen Blick auf das [&hellip;]\" \/>\n<meta property=\"og:url\" content=\"https:\/\/www.schiesser.com\/unternehmen\/fotowettbewerb\/\" \/>\n<meta property=\"og:site_name\" content=\"Schiesser\" \/>\n<meta property=\"article:publisher\" content=\"https:\/\/de-de.facebook.com\/Schiesser.AG\" \/>\n<meta property=\"article:modified_time\" content=\"2025-06-02T14:31:50+00:00\" \/>\n<meta property=\"og:image\" content=\"https:\/\/www.schiesser.com\/unternehmen\/wp-content\/uploads\/Fotografen-Webttbewerb_Header_RZ2_DE.jpg\" \/>\n<meta name=\"twitter:card\" content=\"summary_large_image\" \/>\n<meta name=\"twitter:site\" content=\"@schiesserag\" \/>\n<meta name=\"twitter:label1\" content=\"Gesch\u00e4tzte Lesezeit\" \/>\n\t<meta name=\"twitter:data1\" content=\"2 Minuten\" \/>\n<script type=\"application\/ld+json\" class=\"yoast-schema-graph\">{\"@context\":\"https:\/\/schema.org\",\"@graph\":[{\"@type\":\"WebPage\",\"@id\":\"https:\/\/www.schiesser.com\/unternehmen\/fotowettbewerb\/\",\"url\":\"https:\/\/www.schiesser.com\/unternehmen\/fotowettbewerb\/\",\"name\":\"Fotowettbewerb | Schiesser\",\"isPartOf\":{\"@id\":\"https:\/\/www.schiesser.com\/unternehmen\/#website\"},\"datePublished\":\"2025-03-11T07:34:42+00:00\",\"dateModified\":\"2025-06-02T14:31:50+00:00\",\"breadcrumb\":{\"@id\":\"https:\/\/www.schiesser.com\/unternehmen\/fotowettbewerb\/#breadcrumb\"},\"inLanguage\":\"de-DE\",\"potentialAction\":[{\"@type\":\"ReadAction\",\"target\":[\"https:\/\/www.schiesser.com\/unternehmen\/fotowettbewerb\/\"]}]},{\"@type\":\"BreadcrumbList\",\"@id\":\"https:\/\/www.schiesser.com\/unternehmen\/fotowettbewerb\/#breadcrumb\",\"itemListElement\":[{\"@type\":\"ListItem\",\"position\":1,\"name\":\"Home\",\"item\":\"https:\/\/www.schiesser.com\/unternehmen\/\"},{\"@type\":\"ListItem\",\"position\":2,\"name\":\"Fotowettbewerb\"}]},{\"@type\":\"WebSite\",\"@id\":\"https:\/\/www.schiesser.com\/unternehmen\/#website\",\"url\":\"https:\/\/www.schiesser.com\/unternehmen\/\",\"name\":\"Schiesser\",\"description\":\"Nat\u00fcrlich. Zeitgeist. Seit 1875\",\"publisher\":{\"@id\":\"https:\/\/www.schiesser.com\/unternehmen\/#organization\"},\"potentialAction\":[{\"@type\":\"SearchAction\",\"target\":{\"@type\":\"EntryPoint\",\"urlTemplate\":\"https:\/\/www.schiesser.com\/unternehmen\/?s={search_term_string}\"},\"query-input\":\"required name=search_term_string\"}],\"inLanguage\":\"de-DE\"},{\"@type\":\"Organization\",\"@id\":\"https:\/\/www.schiesser.com\/unternehmen\/#organization\",\"name\":\"Schiesser AG\",\"url\":\"https:\/\/www.schiesser.com\/unternehmen\/\",\"logo\":{\"@type\":\"ImageObject\",\"inLanguage\":\"de-DE\",\"@id\":\"https:\/\/www.schiesser.com\/unternehmen\/#\/schema\/logo\/image\/\",\"url\":\"https:\/\/www.schiesser.com\/unternehmen\/wp-content\/uploads\/schiesser_logo.svg\",\"contentUrl\":\"https:\/\/www.schiesser.com\/unternehmen\/wp-content\/uploads\/schiesser_logo.svg\",\"caption\":\"Schiesser AG\"},\"image\":{\"@id\":\"https:\/\/www.schiesser.com\/unternehmen\/#\/schema\/logo\/image\/\"},\"sameAs\":[\"https:\/\/de-de.facebook.com\/Schiesser.AG\",\"https:\/\/twitter.com\/schiesserag\",\"https:\/\/www.instagram.com\/schiesser\/\",\"https:\/\/de.pinterest.com\/SchiesserAG\/\"]}]}<\/script>\n<!-- \/ Yoast SEO plugin. -->","yoast_head_json":{"title":"Fotowettbewerb | Schiesser","robots":{"index":"noindex","follow":"nofollow"},"og_locale":"de_DE","og_type":"article","og_title":"Fotowettbewerb | Schiesser","og_description":"150 JAHRE SCHIESSER! UND EIN PRODUKT, DAS EIN ECHTER KLASSIKER IST: UNSER DOPPELRIPP-TANKTOP. Das ergibt ein kreatives Projekt, mit dem wir Dich als professionellen Fotografen herausfordern m\u00f6chten: Zeig uns Deine visuelle Vision &amp; Inszenierung unserer Tanktop-Ikone. Ob minimalistisch, opulent, klassisch, avantgardistisch oder in Deiner ureigenen Fotosprache interpretiert \u2013 gib uns Deinen k\u00fcnstlerischen Blick auf das [&hellip;]","og_url":"https:\/\/www.schiesser.com\/unternehmen\/fotowettbewerb\/","og_site_name":"Schiesser","article_publisher":"https:\/\/de-de.facebook.com\/Schiesser.AG","article_modified_time":"2025-06-02T14:31:50+00:00","og_image":[{"url":"https:\/\/www.schiesser.com\/unternehmen\/wp-content\/uploads\/Fotografen-Webttbewerb_Header_RZ2_DE.jpg"}],"twitter_card":"summary_large_image","twitter_site":"@schiesserag","twitter_misc":{"Gesch\u00e4tzte Lesezeit":"2 Minuten"},"schema":{"@context":"https:\/\/schema.org","@graph":[{"@type":"WebPage","@id":"https:\/\/www.schiesser.com\/unternehmen\/fotowettbewerb\/","url":"https:\/\/www.schiesser.com\/unternehmen\/fotowettbewerb\/","name":"Fotowettbewerb | Schiesser","isPartOf":{"@id":"https:\/\/www.schiesser.com\/unternehmen\/#website"},"datePublished":"2025-03-11T07:34:42+00:00","dateModified":"2025-06-02T14:31:50+00:00","breadcrumb":{"@id":"https:\/\/www.schiesser.com\/unternehmen\/fotowettbewerb\/#breadcrumb"},"inLanguage":"de-DE","potentialAction":[{"@type":"ReadAction","target":["https:\/\/www.schiesser.com\/unternehmen\/fotowettbewerb\/"]}]},{"@type":"BreadcrumbList","@id":"https:\/\/www.schiesser.com\/unternehmen\/fotowettbewerb\/#breadcrumb","itemListElement":[{"@type":"ListItem","position":1,"name":"Home","item":"https:\/\/www.schiesser.com\/unternehmen\/"},{"@type":"ListItem","position":2,"name":"Fotowettbewerb"}]},{"@type":"WebSite","@id":"https:\/\/www.schiesser.com\/unternehmen\/#website","url":"https:\/\/www.schiesser.com\/unternehmen\/","name":"Schiesser","description":"Nat\u00fcrlich. Zeitgeist. Seit 1875","publisher":{"@id":"https:\/\/www.schiesser.com\/unternehmen\/#organization"},"potentialAction":[{"@type":"SearchAction","target":{"@type":"EntryPoint","urlTemplate":"https:\/\/www.schiesser.com\/unternehmen\/?s={search_term_string}"},"query-input":"required name=search_term_string"}],"inLanguage":"de-DE"},{"@type":"Organization","@id":"https:\/\/www.schiesser.com\/unternehmen\/#organization","name":"Schiesser AG","url":"https:\/\/www.schiesser.com\/unternehmen\/","logo":{"@type":"ImageObject","inLanguage":"de-DE","@id":"https:\/\/www.schiesser.com\/unternehmen\/#\/schema\/logo\/image\/","url":"https:\/\/www.schiesser.com\/unternehmen\/wp-content\/uploads\/schiesser_logo.svg","contentUrl":"https:\/\/www.schiesser.com\/unternehmen\/wp-content\/uploads\/schiesser_logo.svg","caption":"Schiesser AG"},"image":{"@id":"https:\/\/www.schiesser.com\/unternehmen\/#\/schema\/logo\/image\/"},"sameAs":["https:\/\/de-de.facebook.com\/Schiesser.AG","https:\/\/twitter.com\/schiesserag","https:\/\/www.instagram.com\/schiesser\/","https:\/\/de.pinterest.com\/SchiesserAG\/"]}]}},"_links":{"self":[{"href":"https:\/\/www.schiesser.com\/unternehmen\/wp-json\/wp\/v2\/pages\/11357"}],"collection":[{"href":"https:\/\/www.schiesser.com\/unternehmen\/wp-json\/wp\/v2\/pages"}],"about":[{"href":"https:\/\/www.schiesser.com\/unternehmen\/wp-json\/wp\/v2\/types\/page"}],"author":[{"embeddable":true,"href":"https:\/\/www.schiesser.com\/unternehmen\/wp-json\/wp\/v2\/users\/33"}],"replies":[{"embeddable":true,"href":"https:\/\/www.schiesser.com\/unternehmen\/wp-json\/wp\/v2\/comments?post=11357"}],"version-history":[{"count":90,"href":"https:\/\/www.schiesser.com\/unternehmen\/wp-json\/wp\/v2\/pages\/11357\/revisions"}],"predecessor-version":[{"id":12209,"href":"https:\/\/www.schiesser.com\/unternehmen\/wp-json\/wp\/v2\/pages\/11357\/revisions\/12209"}],"wp:attachment":[{"href":"https:\/\/www.schiesser.com\/unternehmen\/wp-json\/wp\/v2\/media?parent=11357"}],"curies":[{"name":"wp","href":"https:\/\/api.w.org\/{rel}","templated":true}]}}